ands digit of 2768?
2
What is the hundreds digit of 575?
5
What is the hundreds digit of 115?
1
What is the tens digit of 1771?
7
What is the units digit of 125?
5
What is the tens digit of 29391?
9
What is the tens digit of 47145?
4
What is the thousands digit of 1396?
1
What is the tens digit of 519?
1
What is the thousands digit of 5265?
5
What is the tens digit of 9870?
7
What is the units digit of 305?
5
What is the units digit of 20566?
6
What is the ten thousands digit of 45185?
4
What is the units digit of 13829?
9
What is the tens digit of 153663?
6
What is the hundreds digit of 914?
9
What is the thousands digit of 10422?
0
What is the tens digit of 2138?
3
What is the thousands digit of 19122?
9
What is the thousands digit of 2304?
2
What is the hundreds digit of 1589?
5
What is the hundreds digit of 4854?
8
What is the tens digit of 574?
7
What is the tens digit of 339?
3
What is the tens digit of 2142?
4
What is the ten thousands digit of 35880?
3
What is the ten thousands digit of 10053?
1
What is the hundreds digit of 2442?
4
What is the thousands digit of 2178?
2
What is the hundreds digit of 416?
4
What is the tens digit of 718?
1
What is the thousands digit of 11613?
1
What is the hundreds digit of 3130?
1
What is the units digit of 8638?
8
What is the thousands digit of 1527?
1
What is the tens digit of 35163?
6
What is the units digit of 7420?
0
What is the hundred thousands digit of 144860?
1
What is the hundreds digit of 3348?
3
What is the tens digit of 21795?
9
What is the tens digit of 736?
3
What is the units digit of 8165?
5
What is the units digit of 796?
6
What is the tens digit of 9281?
8
What is the hundreds digit of 5068?
0
What is the tens digit of 109?
0
What is the tens digit of 972?
7
What is the units digit of 3926?
6
What is the units digit of 3704?
4
What is the tens digit of 2909?
0
What is the hundreds digit of 26476?
4
What is the thousands digit of 13242?
3
What is the hundreds digit of 3968?
9
What is the units digit of 445?
5
What is the tens digit of 667?
6
What is the tens digit of 103074?
7
What is the hundreds digit of 2602?
6
What is the units digit of 759?
9
What is the hundreds digit of 2358?
3
What is the tens digit of 1701?
0
What is the tens digit of 5702?
0
What is the hundreds digit of 1667?
6
What is the thousands digit of 44443?
4
What is the hundreds digit of 949?
9
What is the thousands digit of 4601?
4
What is the units digit of 4051?
1
What is the hundreds digit of 2429?
4
What is the ten thousands digit of 12859?
1
What is the units digit of 2700?
0
What is the hundreds digit of 16238?
2
What is the tens digit of 1958?
5
What is the thousands digit of 76171?
6
What is the tens digit of 449?
4
What is the thousands digit of 1123?
1
What is the tens digit of 742?
4
What is the hundreds digit of 3670?
6
What is the hundreds digit of 11346?
3
What is the hundreds digit of 29946?
9
What is the tens digit of 595?
9
What is the thousands digit of 2386?
2
What is the hundreds digit of 282?
2
What is the hundreds digit of 195?
1
What is the tens digit of 2620?
2
What is the hundreds digit of 2026?
0
What is the tens digit of 1435?
3
What is the thousands digit of 9947?
9
What is the ten thousands digit of 32265?
3
What is the hundreds digit of 440?
4
What is the units digit of 761?
1
What is the ten thousands digit of 30598?
3
What is the hundreds digit of 11842?
8
What is the hundred thousands digit of 113181?
1
What is the units digit of 2089?
9
What is the tens digit of 1882?
8
What is the ten thousands digit of 147860?
4
What is the hundreds digit of 496?
4
What is the tens digit of 50016?
1
What is the hundreds digit of 872?
8
What is the thousands digit of 14510?
4
What is the tens digit of 2701?
0
What is the hundreds digit of 599?
5
What is the thousands digit of 1771?
1
What is the hundreds digit of 3564?
5
What is the tens digit of 5546?
4
What is the hundreds digit of 4500?
5
What is the hundreds digit of 21119?
1
What is the tens digit of 322?
2
What is the tens digit of 7670?
7
What is the tens digit of 58393?
9
What is the tens digit of 897?
9
What is the hundreds digit of 236?
2
What is the ten thousands digit of 113521?
1
What is the thousands digit of 36393?
6
What is the tens digit of 69969?
6
What is the thousands digit of 9784?
9
What is the tens digit of 31920?
2
What is the tens digit of 28835?
3
What is the hundreds digit of 2025?
0
What is the tens digit of 102561?
6
What is the tens digit of 713?
1
What is the hundreds digit of 3935?
9
What is the units digit of 1064?
4
What is the units digit of 1515?
5
What is the hundreds digit of 38021?
0
What is the tens digit of 2195?
9
What is the tens digit of 9609?
0
What is the thousands digit of 2845?
2
What is the hundreds digit of 106147?
1
What is the tens digit of 6528?
2
What is the thousands digit of 109382?
9
What is the ten thousands digit of 32601?
3
What is the hundreds digit of 53047?
0
What is the units digit of 535?
5
What is the units digit of 46137?
7
What is the tens digit of 26685?
8
What is the units digit of 85093?
3
What is the ten thousands digit of 74562?
7
What is the units digit of 38030?
0
What is the hundreds digit of 6973?
9
What is the hundreds digit of 1207?
2
What is the hundreds digit of 1496?
4
What is the units digit of 1126?
6
What is the hundreds digit of 50826?
8
What is the thousands digit of 7814?
7
What is the units digit of 1492?
2
What is the units digit of 995?
5
What is the ten thousands digit of 58451?
5
What is the tens digit of 154660?
6
What is the thousands digit of 11367?
1
What is the tens digit of 473?
7
What is the thousands digit of 1131?
1
What is the thousands digit of 9090?
9
What is the units digit of 2065?
5
What is the tens digit of 21108?
0
What is the thousands digit of 13580?
3
What is the tens digit of 20539?
3
What is the hundreds digit of 161?
1
What is the units digit of 631?
1
What is the ten thousands digit of 34732?
3
What is the units digit of 94671?
1
What is the units digit of 1386?
6
What is the hundreds digit of 1369?
3
What is the ten thousands digit of 51982?
5
What is the units digit of 7785?
5
What is the units digit of 2942?
2
What is the units digit of 1114?
4
What is the tens digit of 1581?
8
What is the ten thousands digit of 67694?
6
What is the ten thousands digit of 30358?
3
What is the thousands digit of 91035?
1
What is the hundreds digit of 3148?
1
What is the hundreds digit of 2976?
9
What is the units digit of 15111?
1
What is the hundreds digit of 8532?
5
What is the hundreds digit of 20407?
4
What is the units digit of 2189?
9
What is the units digit of 17822?
2
What is the units digit of 11172?
2
What is the tens digit of 1074?
7
What is the tens digit of 6151?
5
What is the units digit of 131547?
7
What is the thousands digit of 11197?
1
What is the units digit of 65334?
4
What is the thousands digit of 61543?
1
What is the thousands digit of 47409?
7
What is the tens digit of 2202?
0
What is the units digit of 669?
9
What is the tens digit of 15169?
6
What is the hundreds digit of 3969?
9
What is the tens digit of 413?
1
What is the hundreds digit of 6502?
5
What is the tens digit of 12287?
8
What is the tens digit of 70149?
4
What is the units digit of 1946?
6
What is the units digit of 19100?
0
What is the hundreds digit of 8850?
8
What is the thousands digit of 3642?
3
What is the hundreds digit of 4176?
1
What is the thousands digit of 1435?
1
What is the hundreds digit of 30757?
7
What is the tens digit of 670?
7
What is the units digit of 495?
5
What is the hundreds digit of 4111?
1
What is the thousands digit of 1282?
1
What is the ten thousands digit of 100335?
0
What is the thousands digit of 91556?
1
What is the hundreds digit of 5226?
2
What is the hundreds digit of 64913?
9
What is the hundreds digit of 917?
9
What is the thousands digit of 1282?
1
What is the hundreds digit of 5521?
5
What is the units digit of 2926?
6
What is the thousands digit of 18004?
8
What is the ten thousands digit of 14383?
1
What is the hundred thousands digit of 111892?
1
What is the ten thousands digit of 14341?
1
What is the tens digit of 2121?
2
What is the tens digit of 15280?
8
What is the thousands digit of 3124?
3
What is the